sor of 8411 and 102791?
13
Calculate the highest common divisor of 348036 and 2484.
276
What is the greatest common factor of 9674608 and 1808?
1808
What is the highest common divisor of 227670 and 54380?
10
What is the highest common divisor of 1408 and 446072?
88
What is the greatest common factor of 6261367 and 246715?
2597
Calculate the highest common factor of 184 and 56816584.
8
What is the highest common factor of 336625672 and 1964?
1964
What is the greatest common divisor of 401292 and 23037228?
2556
What is the highest common divisor of 12235 and 69529058?
2447
Calculate the greatest common factor of 218 and 3788622.
218
Calculate the highest common divisor of 3082 and 14448416.
3082
What is the greatest common factor of 3003 and 2144233?
91
Calculate the highest common factor of 26809021 and 1713.
571
Calculate the greatest common factor of 2297556 and 25764.
228
Calculate the highest common factor of 130 and 12512435.
65
Calculate the greatest common factor of 5252780 and 927380.
1780
What is the highest common factor of 1006968 and 4440?
24
Calculate the highest common divisor of 360 and 8572815.
45
Calculate the greatest common factor of 6 and 1233978.
6
What is the greatest common divisor of 1466717 and 4854?
809
What is the greatest common divisor of 51187981 and 13?
13
Calculate the highest common factor of 307717 and 1142111.
391
Calculate the greatest common factor of 424260 and 1740.
60
What is the highest common divisor of 74833662 and 6?
6
Calculate the highest common factor of 6 and 173022.
6
What is the greatest common factor of 2646 and 2943136?
98
Calculate the greatest common divisor of 5268 and 586098.
6
What is the greatest common divisor of 13244 and 12271028?
308
What is the greatest common factor of 1652 and 5931388?
236
Calculate the greatest common factor of 100 and 59789075.
25
Calculate the greatest common factor of 135 and 215398485.
45
What is the highest common factor of 1192 and 20033944?
1192
What is the greatest common divisor of 18208945 and 2120?
265
Calculate the highest common factor of 163232199 and 17928.
2241
Calculate the highest common divisor of 2663949 and 21219.
1929
Calculate the greatest common factor of 23776680 and 80.
40
What is the greatest common factor of 1227661424 and 33?
11
What is the highest common divisor of 1990 and 5213402?
398
Calculate the greatest common factor of 1841 and 6995011.
263
What is the highest common divisor of 3304015 and 12155?
715
What is the highest common divisor of 134391103 and 22?
11
Calculate the greatest common factor of 7112 and 2027809.
889
Calculate the greatest common divisor of 72650589 and 12.
3
What is the highest common factor of 5859 and 1623510?
189
Calculate the greatest common divisor of 4581 and 1319837.
509
Calculate the greatest common factor of 2064168 and 7128.
72
Calculate the highest common factor of 60144481 and 73.
73
Calculate the highest common divisor of 64 and 730528.
32
Calculate the highest common factor of 1746 and 1645794.
18
What is the highest common divisor of 284 and 65748?
4
What is the greatest common divisor of 946 and 9328?
22
Calculate the highest common divisor of 85105930 and 112.
14
Calculate the highest common factor of 3022305 and 18590.
715
What is the highest common divisor of 422576 and 1392?
16
What is the greatest common factor of 2 and 20830862?
2
What is the highest common divisor of 89355 and 91?
7
What is the greatest common divisor of 909 and 324693?
9
What is the greatest common divisor of 45783 and 122266045?
5087
Calculate the greatest common divisor of 92 and 35580724.
92
Calculate the highest common factor of 79317 and 4718.
7
Calculate the highest common divisor of 11053024 and 76382.
422
What is the highest common divisor of 841347 and 741897?
1989
Calculate the greatest common divisor of 24870283 and 635.
127
What is the greatest common factor of 6705 and 254088?
9
What is the greatest common factor of 1324 and 20963554?
662
Calculate the greatest common factor of 20 and 517305.
5
What is the highest common factor of 19879643 and 1216?
19
Calculate the greatest common factor of 93184 and 679952.
1456
Calculate the greatest common factor of 278435 and 377227.
233
What is the highest common factor of 1629477015 and 1465?
1465
What is the greatest common divisor of 64 and 5602624?
64
Calculate the greatest common factor of 3579 and 1489089477.
3579
What is the greatest common factor of 42920464 and 986?
58
Calculate the highest common divisor of 1030614 and 1429194.
5694
Calculate the highest common divisor of 2371637 and 418.
19
What is the highest common factor of 233430 and 9510?
30
Calculate the greatest common divisor of 13524106 and 824.
206
Calculate the highest common factor of 65148 and 160734.
534
Calculate the greatest common factor of 14989773 and 222.
111
Calculate the greatest common divisor of 172634 and 535591.
133
What is the greatest common divisor of 400 and 68568000?
400
What is the greatest common factor of 23310 and 271967094?
4662
Calculate the greatest common factor of 16777 and 230071.
19
Calculate the greatest common factor of 24 and 513523448.
8
What is the greatest common divisor of 4464057 and 10179?
1131
What is the greatest common factor of 24040 and 423080?
40
Calculate the highest common factor of 223202 and 188783.
1043
What is the highest common divisor of 499303 and 13090?
7
Calculate the greatest common divisor of 64890 and 996422.
1442
What is the greatest common factor of 92755739 and 171?
19
Calculate the highest common factor of 4581 and 377854623.
4581
What is the greatest common divisor of 386244 and 1512?
36
Calculate the greatest common divisor of 1570 and 45146135.
785
Calculate the greatest common divisor of 11580380 and 70.
70
What is the greatest common divisor of 134397 and 275661?
981
Calculate the greatest common factor of 672 and 185626784.
224
What is the greatest common divisor of 25661060 and 180?
20
Calculate the highest common divisor of 7 and 10269917.
7
Calculate the greatest common divisor of 94 and 1251328.
94
Calculate the highest common divisor of 6522936 and 40.
8
Calculate the greatest common factor of 8213 and 91632823.
191
Calculate the greatest common factor of 289696 and 1112.
8
What is the greatest common factor of 106774 and 107587?
271
Calculate the highest common factor of 640 and 201774016.
64
What is the highest common factor of 1275576 and 1272?
24
Calculate the greatest common divisor of 700 and 28720500.
100
Calculate the highest common factor of 3659955 and 390.
195
Calculate the highest common divisor of 19 and 82214919.
19
What is the highest common factor of 28361 and 4029790?
79
Calculate the highest common factor of 16496441 and 104.
13
Calculate the highest common divisor of 41796 and 525744.
108
What is the greatest common factor of 402472 and 2338?
14
Calculate the highest common factor of 338181830 and 224.
14
Calculate the greatest common factor of 24683223 and 1891.
1891
What is the highest common factor of 876 and 1217363184?
876
Calculate the greatest common divisor of 862 and 2619866256.
862
What is the highest common factor of 864556016 and 8?
8
What is the greatest common divisor of 2649352 and 22784?
712
What is the highest common divisor of 66432852 and 18?
18
Calculate the greatest common factor of 61596 and 68.
4
Calculate the highest common factor of 1017 and 22565309.
113
Calculate the highest common factor of 368721 and 9699.
159
What is the highest common factor of 1728 and 996344?
8
Calculate the highest common factor of 99208557 and 42.
21
Calculate the highest common divisor of 10209570 and 112.
14
Calculate the highest common divisor of 50585704 and 78.
26
What is the greatest common divisor of 13277 and 2414497?
71
What is the highest common divisor of 78152440 and 40?
40
What is the highest common factor of 2730 and 50033130?
210
What is the greatest common factor of 1053312 and 112632?
312
Calculate the highest common divisor of 14560 and 4438980.
1820
What is the highest common divisor of 81660324 and 7564?
124
Calculate the greatest common divisor of 55821550 and 10.
10
Calculate the greatest common factor of 1834008 and 67992.
24
Calculate the highest common divisor of 5598896